{"id":93,"date":"2025-10-21T22:32:51","date_gmt":"2025-10-21T22:32:51","guid":{"rendered":"https:\/\/gruasymontajes.com.ar\/?page_id=93"},"modified":"2025-10-29T03:08:36","modified_gmt":"2025-10-29T03:08:36","slug":"nosotros","status":"publish","type":"page","link":"https:\/\/gruasymontajes.com.ar\/index.php\/nosotros\/","title":{"rendered":"Nosotros"},"content":{"rendered":"<div class=\"wpb-content-wrapper\"><p>[vc_row][vc_column][vc_empty_space height=&#8221;45px&#8221;][vc_empty_space height=&#8221;45px&#8221;][vc_column_text css=&#8221;&#8221;]<\/p>\n<h1 style=\"text-align: center;\" data-start=\"473\" data-end=\"713\"><strong>Sobre Nosotros<\/strong><\/h1>\n<p>[\/vc_column_text][vc_empty_space height=&#8221;45px&#8221;][\/vc_column][\/vc_row][vc_row][vc_column width=&#8221;1\/2&#8243;][vc_empty_space height=&#8221;45px&#8221;][vc_column_text css=&#8221;&#8221;]<\/p>\n<h2 data-start=\"473\" data-end=\"713\"><strong>Durabilidad y Precisi\u00f3n en Ambientes Exigentes<\/strong><\/h2>\n<p>[\/vc_column_text][vc_empty_space height=&#8221;15px&#8221;][vc_column_text css=&#8221;&#8221;]<\/p>\n<p data-start=\"473\" data-end=\"713\">En <strong data-start=\"476\" data-end=\"511\">M&amp;A <\/strong>nos especializamos en la fabricaci\u00f3n de productos de <strong data-start=\"565\" data-end=\"595\">elast\u00f3meros de poliuretano<\/strong>, dise\u00f1ados para resistir el alto impacto, la abrasi\u00f3n y el desgaste en las zonas m\u00e1s exigentes de trabajo industrial.<br \/>\nContamos con una <strong data-start=\"732\" data-end=\"787\">planta equipada con tecnolog\u00eda de \u00faltima generaci\u00f3n<\/strong>, lo que nos permite ofrecer soluciones de alto rendimiento y larga vida \u00fatil, superando ampliamente a materiales convencionales como metales, cauchos y pl\u00e1sticos.<\/p>\n<p>[\/vc_column_text][vc_empty_space height=&#8221;45px&#8221;][\/vc_column][vc_column width=&#8221;1\/2&#8243;][vc_column_text css=&#8221;&#8221;]<img loading=\"lazy\" decoding=\"async\" width=\"800\" height=\"480\" class=\"alignnone size-medium wp-image-151 aligncenter\" src=\"https:\/\/gruasymontajes.com.ar\/wp-content\/uploads\/2025\/10\/magruasymontajes-5.jpg\" alt=\"\" srcset=\"https:\/\/gruasymontajes.com.ar\/wp-content\/uploads\/2025\/10\/magruasymontajes-5.jpg 800w, https:\/\/gruasymontajes.com.ar\/wp-content\/uploads\/2025\/10\/magruasymontajes-5-300x180.jpg 300w, https:\/\/gruasymontajes.com.ar\/wp-content\/uploads\/2025\/10\/magruasymontajes-5-768x461.jpg 768w\" sizes=\"auto, (max-width: 800px) 100vw, 800px\" \/>[\/vc_column_text][\/vc_column][\/vc_row][vc_row][vc_column][vc_empty_space height=&#8221;45px&#8221;][vc_empty_space height=&#8221;45px&#8221;][\/vc_column][\/vc_row][vc_row][vc_column width=&#8221;1\/2&#8243;][vc_column_text css=&#8221;&#8221;]<img loading=\"lazy\" decoding=\"async\" width=\"800\" height=\"483\" class=\"alignnone size-medium wp-image-159 aligncenter\" src=\"https:\/\/gruasymontajes.com.ar\/wp-content\/uploads\/2025\/10\/ma.png\" alt=\"\" srcset=\"https:\/\/gruasymontajes.com.ar\/wp-content\/uploads\/2025\/10\/ma.png 800w, https:\/\/gruasymontajes.com.ar\/wp-content\/uploads\/2025\/10\/ma-300x181.png 300w, https:\/\/gruasymontajes.com.ar\/wp-content\/uploads\/2025\/10\/ma-768x464.png 768w\" sizes=\"auto, (max-width: 800px) 100vw, 800px\" \/>[\/vc_column_text][\/vc_column][vc_column width=&#8221;1\/2&#8243;][vc_empty_space height=&#8221;45px&#8221;][vc_column_text css=&#8221;&#8221;]<\/p>\n<h2 data-start=\"473\" data-end=\"713\"><strong>Confianza y Calidad Avaladas por la Experiencia<\/strong><\/h2>\n<p>[\/vc_column_text][vc_empty_space height=&#8221;15px&#8221;][vc_column_text css=&#8221;&#8221;]<\/p>\n<p data-start=\"952\" data-end=\"1312\">Nuestras materias primas importadas, respaldadas por <strong data-start=\"1005\" data-end=\"1030\">Uniroyal Chemical Co.<\/strong>, garantizan productos con una excelente <strong data-start=\"1071\" data-end=\"1099\">relaci\u00f3n costo-beneficio<\/strong>.<br data-start=\"1100\" data-end=\"1103\" \/>Los <strong data-start=\"1107\" data-end=\"1187\">ensayos realizados por el IMAE (Instituto de Materiales y Ensayos de la UNR)<\/strong> y el <strong data-start=\"1193\" data-end=\"1240\">Departamento de Asesoramiento T\u00e9cnico (DAT)<\/strong> avalan la <strong data-start=\"1251\" data-end=\"1289\">calidad, durabilidad y resistencia<\/strong> de toda nuestra l\u00ednea.<\/p>\n<p>[\/vc_column_text][vc_empty_space height=&#8221;45px&#8221;][\/vc_column][\/vc_row][vc_row][vc_column width=&#8221;1\/4&#8243;][\/vc_column][vc_column width=&#8221;1\/2&#8243;][vc_empty_space height=&#8221;45px&#8221;][vc_column_text css=&#8221;&#8221;]<\/p>\n<p style=\"text-align: center;\" data-start=\"1314\" data-end=\"1477\">En <strong>M&amp;A<\/strong> trabajamos cada d\u00eda para brindar a nuestros clientes <strong data-start=\"1374\" data-end=\"1424\">protecciones efectivas, confiables y duraderas<\/strong>, adaptadas a cada necesidad de la industria moderna.<\/p>\n<p>[\/vc_column_text][\/vc_column][vc_column width=&#8221;1\/4&#8243;][\/vc_column][\/vc_row][vc_row][vc_column][vc_empty_space height=&#8221;45px&#8221;][vc_empty_space height=&#8221;45px&#8221;][vc_separator accent_color=&#8221;#FAF000&#8243;][\/vc_column][\/vc_row][vc_row][vc_column width=&#8221;1\/2&#8243;][vc_empty_space height=&#8221;45px&#8221;][vc_column_text css=&#8221;&#8221;]<\/p>\n<h3><strong>M&amp;A URUGUAY S.R.L.\u00a0<\/strong><\/h3>\n<p>[\/vc_column_text][vc_empty_space height=&#8221;10px&#8221;][vc_column_text css=&#8221;&#8221;]<iframe style=\"border: 0;\" src=\"https:\/\/www.google.com\/maps\/embed?pb=!1m18!1m12!1m3!1d3331.807635633837!2d-56.52853432528551!3d-33.37608779370599!2m3!1f0!2f0!3f0!3m2!1i1024!2i768!4f13.1!3m3!1m2!1s0x95a6ea8e77f18037%3A0x3f4b91b14f5585cd!2sGral.%20Jose%20Gervasio%20Artigas%20367%2C%2097000%20Durazno%2C%20Departamento%20de%20Durazno%2C%20Uruguay!5e0!3m2!1sen!2sar!4v1761275478288!5m2!1sen!2sar\" width=\"100%\" allowfullscreen=\"allowfullscreen\"><\/iframe>[\/vc_column_text][vc_empty_space height=&#8221;10px&#8221;][vc_column_text css=&#8221;&#8221;]Artigas 367, Durazno Uruguay. Rep\u00fablica Oriental del Uruguay.[\/vc_column_text][vc_column_text css=&#8221;&#8221;]<strong>Tel\u00e9fono:<\/strong> 0059899598377<br \/>\n<strong>Celular:<\/strong> 00 54 2477 567331<br \/>\n<strong>E-mail:<\/strong> aavalos@s11.coopenet.com.ar[\/vc_column_text][vc_empty_space height=&#8221;45px&#8221;][\/vc_column][vc_column width=&#8221;1\/2&#8243;][vc_empty_space height=&#8221;45px&#8221;][vc_column_text css=&#8221;&#8221;]<\/p>\n<h3><strong>ABEL H. AVALOS<\/strong><\/h3>\n<p>[\/vc_column_text][vc_empty_space height=&#8221;10px&#8221;][vc_column_text css=&#8221;&#8221;]<iframe style=\"border: 0;\" src=\"https:\/\/www.google.com\/maps\/embed?pb=!1m18!1m12!1m3!1d2341.9083699705952!2d-61.09117252392979!3d-33.890720606221365!2m3!1f0!2f0!3f0!3m2!1i1024!2i768!4f13.1!3m3!1m2!1s0x95b810f9dc7e50bd%3A0x40abc3f0c8440588!2sC.%20127%20831%2C%20B2720%20Col%C3%B3n%2C%20Provincia%20de%20Buenos%20Aires!5e0!3m2!1sen!2sar!4v1761275399535!5m2!1sen!2sar\" width=\"100%\" allowfullscreen=\"allowfullscreen\"><\/iframe>[\/vc_column_text][vc_empty_space height=&#8221;10px&#8221;][vc_column_text css=&#8221;&#8221;]Calle 127 n\u00b0831 \/ C.P 2720, Col\u00f3n Bs. As. Rep\u00fablica Argentina.[\/vc_column_text][vc_column_text css=&#8221;&#8221;]<strong>Tel\u00e9fono:<\/strong> 02473-422750 \/ Cel: 02477-15567331<br \/>\n<strong>Celular:<\/strong> 02477-15567349<br \/>\n<strong>E-mail:<\/strong> aavalos@s11.coopenet.com.ar[\/vc_column_text][vc_empty_space height=&#8221;45px&#8221;][\/vc_column][\/vc_row]<\/p>\n<\/div>","protected":false},"excerpt":{"rendered":"<p>[vc_row][vc_column][vc_empty_space height=&#8221;45px&#8221;][vc_empty_space height=&#8221;45px&#8221;][vc_column_text css=&#8221;&#8221;] Sobre Nosotros [\/vc_column_text][vc_empty_space height=&#8221;45px&#8221;][\/vc_column][\/vc_row][vc_row][vc_column width=&#8221;1\/2&#8243;][vc_empty_space height=&#8221;45px&#8221;][vc_column_text css=&#8221;&#8221;] Durabilidad y Precisi\u00f3n en Ambientes Exigentes [\/vc_column_text][vc_empty_space height=&#8221;15px&#8221;][vc_column_text css=&#8221;&#8221;] En M&amp;A nos especializamos en la fabricaci\u00f3n de productos de elast\u00f3meros de poliuretano, dise\u00f1ados para resistir el alto impacto, la abrasi\u00f3n y el desgaste en las zonas m\u00e1s exigentes de trabajo industrial. Contamos con una &hellip;<\/p>\n","protected":false},"author":9,"featured_media":0,"parent":0,"menu_order":0,"comment_status":"closed","ping_status":"closed","template":"templates\/page-full.php","meta":{"footnotes":""},"class_list":["post-93","page","type-page","status-publish","hentry"],"_links":{"self":[{"href":"https:\/\/gruasymontajes.com.ar\/index.php\/wp-json\/wp\/v2\/pages\/93","targetHints":{"allow":["GET"]}}],"collection":[{"href":"https:\/\/gruasymontajes.com.ar\/index.php\/wp-json\/wp\/v2\/pages"}],"about":[{"href":"https:\/\/gruasymontajes.com.ar\/index.php\/wp-json\/wp\/v2\/types\/page"}],"author":[{"embeddable":true,"href":"https:\/\/gruasymontajes.com.ar\/index.php\/wp-json\/wp\/v2\/users\/9"}],"replies":[{"embeddable":true,"href":"https:\/\/gruasymontajes.com.ar\/index.php\/wp-json\/wp\/v2\/comments?post=93"}],"version-history":[{"count":10,"href":"https:\/\/gruasymontajes.com.ar\/index.php\/wp-json\/wp\/v2\/pages\/93\/revisions"}],"predecessor-version":[{"id":238,"href":"https:\/\/gruasymontajes.com.ar\/index.php\/wp-json\/wp\/v2\/pages\/93\/revisions\/238"}],"wp:attachment":[{"href":"https:\/\/gruasymontajes.com.ar\/index.php\/wp-json\/wp\/v2\/media?parent=93"}],"curies":[{"name":"wp","href":"https:\/\/api.w.org\/{rel}","templated":true}]}}